{"id":110,"date":"2023-02-23T03:08:17","date_gmt":"2023-02-23T03:08:17","guid":{"rendered":"https:\/\/cc.foodys.ch\/?page_id=110"},"modified":"2026-01-21T10:53:25","modified_gmt":"2026-01-21T10:53:25","slug":"jobs","status":"publish","type":"page","link":"https:\/\/cappuccinoclub.ch\/?page_id=110","title":{"rendered":"Jobs"},"content":{"rendered":"\n<p class=\"has-text-align-center has-medium-font-size\">F\u00fcr unsere bediente Kaffeebar <strong>Cappuccino Club<\/strong><\/p>\n\n\n\n<p class=\"has-text-align-center has-medium-font-size\">im Einkaufscenter&nbsp;<strong>Seebli Center in Lupfig<\/strong><\/p>\n\n\n\n<p class=\"has-text-align-center has-medium-font-size\">suchen wir zur Verst\u00e4rkung unseres Teams<\/p>\n\n\n\n<p class=\"has-text-align-center has-large-font-size\"><strong>per 1. M\u00e4rz 2026 oder nach Vereinbarung<\/strong><\/p>\n\n\n\n<p class=\"has-text-align-center has-large-font-size\"><strong>Servicefachangestellte*r <\/strong><\/p>\n\n\n\n<p class=\"has-text-align-center has-large-font-size\"><strong>zwischen 40% bis 60%<\/strong> <strong>in Teilzeit (2-3 Tage pro Woche)<\/strong><\/p>\n\n\n\n<p class=\"has-medium-font-size\"><strong>Ihr Aufgaben:<\/strong><\/p>\n\n\n\n<ul class=\"wp-block-list\">\n<li>Selbstst\u00e4ndiges F\u00fchren einer eigenen Station mit Inkasso<\/li>\n\n\n\n<li>Produktion von Kaffeespezialit\u00e4ten mit Halbautomat Kaffeemaschine<\/li>\n\n\n\n<li>Aufbacken von Backwaren und deren Pr\u00e4sentation<\/li>\n\n\n\n<li>Zubereiten von warmen und kalten Snacks<\/li>\n\n\n\n<li>Betreuung &amp; Beratung unserer G\u00e4ste<\/li>\n\n\n\n<li>Mise en place Arbeiten sowie allgemeine Arbeitsplatzhygiene<\/li>\n<\/ul>\n\n\n\n<p class=\"has-medium-font-size\"><strong>Ihr Profil:<\/strong><\/p>\n\n\n\n<ul class=\"wp-block-list\">\n<li>Abgeschlossene Ausbildung als Restaurationsfachmann\/-frau &nbsp;EFZ, von Vorteil<\/li>\n\n\n\n<li>Minimum 1-2 Jahre Erfahrung in der Gastronomie<\/li>\n\n\n\n<li>Gute Deutsch-, Schweizerdeutsch-Kenntnisse (Minimum Niveau B1)<\/li>\n\n\n\n<li>Freundliches, professionelles und gepflegtes Auftreten<\/li>\n<\/ul>\n\n\n\n<p class=\"has-medium-font-size\"><strong>Wir bieten:<\/strong><\/p>\n\n\n\n<ul class=\"wp-block-list\">\n<li>Abwechslungsreiche Arbeit in einem kleinen, eingespielten Team<\/li>\n\n\n\n<li>Gr\u00fcndliche Einf\u00fchrung in die diversen Aufgaben<\/li>\n\n\n\n<li>Heller, freundlicher Arbeitsplatz mit 60 Innenpl\u00e4tzen und 36 Terrassenpl\u00e4tzen<\/li>\n\n\n\n<li>Arbeitszeiten ohne Zimmerstunde (Schichten zwischen 6 &#8211; 8,5 Std.)<\/li>\n\n\n\n<li>Attraktive Arbeitszeiten (\u00d6ffnungszeiten Mo-Sa von 08:00 &#8211; 20:00 Uhr)<\/li>\n\n\n\n<li>Sonntags und an den Feiertagen ist der Betrieb geschlossen (ausser Sonntagsverkauf)<\/li>\n\n\n\n<li>Gratis Parkplatz, guter Anschluss an \u00d6V<\/li>\n<\/ul>\n\n\n\n<p class=\"has-medium-font-size\"><strong>Bewerben Sie sich online mit Ihrem Lebenslauf via What&#8217;s App oder unter <a rel=\"noreferrer noopener\" href=\"mailto:jobs@foodys.ch\" target=\"_blank\">jobs@foodys.ch<\/a><\/strong><\/p>\n\n\n\n<p class=\"has-medium-font-size\"><strong>Infos und What&#8217;s App unter 079 207 44 82<\/strong><\/p>\n\n\n\n<p class=\"has-medium-font-size\"><strong>Wir freuen uns darauf Sie kennen zu lernen!<\/strong><\/p>\n","protected":false},"excerpt":{"rendered":"<p>F\u00fcr unsere bediente Kaffeebar Cappuccino Club im Einkaufscenter&nbsp;Seebli Center in Lupfig suchen wir zur Verst\u00e4rkung unseres Teams per 1. M\u00e4rz 2026 oder nach Vereinbarung Servicefachangestellte*r zwischen 40% bis 60% in Teilzeit (2-3 Tage pro Woche) Ihr Aufgaben: Ihr Profil: Wir bieten: Bewerben Sie sich online mit Ihrem Lebenslauf via What&#8217;s App oder unter jobs@foodys.ch Infos [&hellip;]<\/p>\n","protected":false},"author":1,"featured_media":0,"parent":0,"menu_order":0,"comment_status":"closed","ping_status":"closed","template":"","meta":{"footnotes":""},"class_list":["post-110","page","type-page","status-publish","hentry"],"blocksy_meta":{"styles_descriptor":{"styles":{"desktop":"","tablet":"","mobile":""},"google_fonts":[],"version":6}},"jetpack_sharing_enabled":true,"_links":{"self":[{"href":"https:\/\/cappuccinoclub.ch\/index.php?rest_route=\/wp\/v2\/pages\/110","targetHints":{"allow":["GET"]}}],"collection":[{"href":"https:\/\/cappuccinoclub.ch\/index.php?rest_route=\/wp\/v2\/pages"}],"about":[{"href":"https:\/\/cappuccinoclub.ch\/index.php?rest_route=\/wp\/v2\/types\/page"}],"author":[{"embeddable":true,"href":"https:\/\/cappuccinoclub.ch\/index.php?rest_route=\/wp\/v2\/users\/1"}],"replies":[{"embeddable":true,"href":"https:\/\/cappuccinoclub.ch\/index.php?rest_route=%2Fwp%2Fv2%2Fcomments&post=110"}],"version-history":[{"count":38,"href":"https:\/\/cappuccinoclub.ch\/index.php?rest_route=\/wp\/v2\/pages\/110\/revisions"}],"predecessor-version":[{"id":393,"href":"https:\/\/cappuccinoclub.ch\/index.php?rest_route=\/wp\/v2\/pages\/110\/revisions\/393"}],"wp:attachment":[{"href":"https:\/\/cappuccinoclub.ch\/index.php?rest_route=%2Fwp%2Fv2%2Fmedia&parent=110"}],"curies":[{"name":"wp","href":"https:\/\/api.w.org\/{rel}","templated":true}]}}