{"id":170,"date":"2023-02-23T04:31:54","date_gmt":"2023-02-23T04:31:54","guid":{"rendered":"https:\/\/cc.foodys.ch\/?page_id=170"},"modified":"2023-02-26T13:41:37","modified_gmt":"2023-02-26T13:41:37","slug":"wer-sind-wir","status":"publish","type":"page","link":"https:\/\/cappuccinoclub.ch\/?page_id=170","title":{"rendered":"Wer sind wir"},"content":{"rendered":"\n<p>Leben ist oft Hektik pur! Jeder braucht eine Oase zur Entschleunigung und einen Ort der Geselligkeit. Dazu geh\u00f6rt auch als unentbehrlicher Begleiter w\u00e4hrend des ganzen Tages der Kaffeegenuss. Der Cappuccino Club bietet Ihnen hierzu den idealen Rahmen. Unsere bediente Kaffeebar gibt Ihnen die M\u00f6glichkeit in gem\u00fctlich eingerichteter Atmosph\u00e4re aus dem Alltag auszubrechen \u2013 sei es um sich kurz mit Freunden zu einem Kaffee, einem vitaminreichen Smoothie zu treffen, oder aber um unsere t\u00e4glich frisch im Cappuccino Club gefertigten Backwaren, schmackhaften Sandwiches und feinen Snacks zu geniessen. \u00dcber Mittag bieten wir auch st\u00e4ndig wechselnde saisonale Menus an.&nbsp;<\/p>\n\n\n\n<p>Cappuccino Club ist eine Marke der <a href=\"http:\/\/foodys.ch\/\" data-type=\"URL\" data-id=\"foodys.ch\/\" target=\"_blank\" rel=\"noreferrer noopener\">Foody&#8217;s AG<\/a>.<\/p>\n","protected":false},"excerpt":{"rendered":"<p>Leben ist oft Hektik pur! Jeder braucht eine Oase zur Entschleunigung und einen Ort der Geselligkeit. Dazu geh\u00f6rt auch als unentbehrlicher Begleiter w\u00e4hrend des ganzen Tages der Kaffeegenuss. Der Cappuccino Club bietet Ihnen hierzu den idealen Rahmen. Unsere bediente Kaffeebar gibt Ihnen die M\u00f6glichkeit in gem\u00fctlich eingerichteter Atmosph\u00e4re aus dem Alltag auszubrechen \u2013 sei es [&hellip;]<\/p>\n","protected":false},"author":1,"featured_media":0,"parent":0,"menu_order":0,"comment_status":"closed","ping_status":"closed","template":"","meta":{"footnotes":""},"class_list":["post-170","page","type-page","status-publish","hentry"],"blocksy_meta":{"styles_descriptor":{"styles":{"desktop":"","tablet":"","mobile":""},"google_fonts":[],"version":6}},"jetpack_sharing_enabled":true,"_links":{"self":[{"href":"https:\/\/cappuccinoclub.ch\/index.php?rest_route=\/wp\/v2\/pages\/170","targetHints":{"allow":["GET"]}}],"collection":[{"href":"https:\/\/cappuccinoclub.ch\/index.php?rest_route=\/wp\/v2\/pages"}],"about":[{"href":"https:\/\/cappuccinoclub.ch\/index.php?rest_route=\/wp\/v2\/types\/page"}],"author":[{"embeddable":true,"href":"https:\/\/cappuccinoclub.ch\/index.php?rest_route=\/wp\/v2\/users\/1"}],"replies":[{"embeddable":true,"href":"https:\/\/cappuccinoclub.ch\/index.php?rest_route=%2Fwp%2Fv2%2Fcomments&post=170"}],"version-history":[{"count":3,"href":"https:\/\/cappuccinoclub.ch\/index.php?rest_route=\/wp\/v2\/pages\/170\/revisions"}],"predecessor-version":[{"id":295,"href":"https:\/\/cappuccinoclub.ch\/index.php?rest_route=\/wp\/v2\/pages\/170\/revisions\/295"}],"wp:attachment":[{"href":"https:\/\/cappuccinoclub.ch\/index.php?rest_route=%2Fwp%2Fv2%2Fmedia&parent=170"}],"curies":[{"name":"wp","href":"https:\/\/api.w.org\/{rel}","templated":true}]}}